r of 60 and 156.
12
Calculate the highest common divisor of 37 and 2183.
37
What is the highest common factor of 126 and 182?
14
What is the highest common factor of 918 and 1020?
102
Calculate the greatest common factor of 27 and 5.
1
Calculate the greatest common divisor of 1936 and 121.
121
Calculate the highest common factor of 133 and 209.
19
What is the highest common divisor of 6 and 4542?
6
What is the highest common divisor of 105 and 280?
35
Calculate the greatest common divisor of 182 and 26.
26
Calculate the highest common divisor of 168 and 63.
21
Calculate the greatest common divisor of 70 and 98.
14
What is the highest common factor of 88 and 16?
8
What is the greatest common divisor of 8533 and 1288?
161
What is the highest common factor of 276 and 12?
12
What is the greatest common divisor of 15631 and 77?
77
Calculate the greatest common factor of 56 and 364.
28
What is the highest common factor of 5 and 355?
5
Calculate the highest common factor of 1501 and 152.
19
Calculate the highest common divisor of 190 and 114.
38
What is the greatest common factor of 11462 and 22?
22
What is the highest common factor of 8 and 484?
4
What is the greatest common divisor of 36 and 20?
4
What is the highest common factor of 46 and 506?
46
Calculate the highest common divisor of 26 and 221.
13
What is the greatest common divisor of 53015 and 230?
115
Calculate the highest common divisor of 1 and 29.
1
Calculate the highest common divisor of 8 and 6.
2
What is the highest common divisor of 4320 and 96?
96
What is the greatest common factor of 1692 and 324?
36
What is the highest common divisor of 24 and 300?
12
What is the greatest common factor of 540 and 612?
36
Calculate the greatest common divisor of 2183 and 37.
37
What is the highest common divisor of 44 and 473?
11
What is the greatest common factor of 15 and 30?
15
What is the highest common divisor of 512 and 304?
16
Calculate the greatest common factor of 147 and 2548.
49
What is the highest common divisor of 270 and 120?
30
Calculate the greatest common factor of 429 and 6721.
143
What is the greatest common divisor of 19 and 361?
19
What is the greatest common divisor of 796 and 1791?
199
Calculate the greatest common divisor of 39 and 52.
13
What is the highest common divisor of 64 and 80?
16
What is the highest common factor of 2183 and 111?
37
Calculate the highest common divisor of 33 and 1133.
11
Calculate the greatest common divisor of 648 and 81.
81
Calculate the highest common factor of 667 and 253.
23
Calculate the greatest common factor of 1 and 67.
1
What is the highest common factor of 9 and 16209?
9
Calculate the highest common divisor of 255 and 85.
85
What is the greatest common divisor of 48 and 696?
24
Calculate the highest common divisor of 28 and 476.
28
Calculate the highest common divisor of 68 and 1054.
34
What is the greatest common factor of 36 and 28?
4
Calculate the highest common divisor of 649 and 352.
11
What is the highest common divisor of 15 and 5595?
15
What is the greatest common divisor of 5 and 625?
5
Calculate the greatest common divisor of 112 and 2282.
14
What is the highest common factor of 105 and 165?
15
What is the greatest common factor of 6204 and 228?
12
What is the greatest common divisor of 846 and 6?
6
What is the highest common factor of 11308 and 44?
44
Calculate the greatest common factor of 40 and 2290.
10
Calculate the highest common factor of 12 and 123.
3
Calculate the highest common factor of 46321 and 11.
11
Calculate the greatest common divisor of 833 and 357.
119
Calculate the highest common factor of 468 and 9.
9
Calculate the greatest common divisor of 2 and 14.
2
What is the greatest common factor of 64 and 176?
16
Calculate the greatest common divisor of 210 and 672.
42
What is the highest common divisor of 567 and 81?
81
Calculate the greatest common factor of 1120 and 35.
35
Calculate the highest common factor of 18 and 492.
6
What is the highest common divisor of 70 and 21770?
70
What is the highest common divisor of 81 and 72?
9
Calculate the highest common factor of 4294 and 76.
38
What is the greatest common factor of 2 and 926?
2
Calculate the greatest common factor of 875 and 9000.
125
Calculate the greatest common factor of 90 and 1710.
90
Calculate the highest common factor of 192 and 624.
48
What is the greatest common divisor of 7 and 112?
7
Calculate the greatest common factor of 2 and 1726.
2
Calculate the greatest common divisor of 1716 and 624.
156
Calculate the highest common divisor of 6 and 22.
2
Calculate the highest common factor of 153 and 9.
9
What is the greatest common factor of 295 and 5?
5
What is the greatest common factor of 12 and 141?
3
Calculate the greatest common factor of 20 and 25.
5
What is the greatest common factor of 158 and 6?
2
What is the highest common factor of 186 and 6?
6
Calculate the highest common factor of 186 and 310.
62
What is the greatest common divisor of 730 and 219?
73
Calculate the highest common factor of 153 and 45.
9
Calculate the highest common divisor of 26 and 12883.
13
Calculate the highest common factor of 43846 and 22.
22
What is the highest common factor of 240 and 13740?
60
Calculate the greatest common factor of 142 and 7597.
71
Calculate the highest common factor of 44 and 88.
44
What is the highest common factor of 1027 and 13?
13
Calculate the highest common factor of 1430 and 2090.
110
What is the highest common factor of 6496 and 29?
29
Calculate the greatest common divisor of 315 and 56.
7
What is the greatest common factor of 76 and 646?
38
What is the greatest common factor of 20 and 580?
20
Calculate the highest common divisor of 252 and 84.
84
What is the greatest common divisor of 1256 and 7693?
157
Calculate the highest common factor of 6576 and 48.
48
What is the greatest common divisor of 170 and 1130?
10
Calculate the greatest common factor of 3 and 32.
1
Calculate the greatest common factor of 5 and 6805.
5
Calculate the greatest common divisor of 320 and 240.
80
What is the greatest common divisor of 96 and 168?
24
Calculate the greatest common divisor of 602 and 14.
14
What is the greatest common divisor of 153 and 272?
17
Calculate the highest common factor of 24 and 440.
8
What is the greatest common divisor of 1457 and 31?
31
What is the highest common factor of 19 and 57?
19
What is the highest common divisor of 208 and 32?
16
What is the highest common divisor of 4 and 262?
2
What is the greatest common divisor of 9723 and 42?
21
Calculate the greatest common divisor of 9 and 5616.
9
Calculate the highest common factor of 7 and 1274.
7
What is the highest common divisor of 369 and 9?
9
What is the highest common factor of 120 and 636?
12
What is the highest common divisor of 28 and 1274?
14
What is the greatest common divisor of 876 and 12?
12
Calculate the highest common divisor of 32 and 9448.
8
What is the highest common factor of 12 and 96?
12
What is the greatest common divisor of 825 and 231?
33
Calculate the highest common divisor of 18 and 513.
9
Calculate the highest common factor of 3864 and 56.
56
What is the greatest common divisor of 74 and 1998?
74
Calculate the highest common divisor of 37 and 481.
37
Calculate the greatest common factor of 96 and 224.
32
What is the greatest common divisor of 230 and 10?
10
What is the highest common factor of 55 and 25?
5
Calculate the highest common factor of 2497 and 44.
11
Calculate the greatest common factor of 1215 and 45.
45
What is the greatest common divisor of 31 and 9?
1
What is the highest common divisor of 1040 and 40?
40
Calculate the highest common factor of 55 and 20.
5
Calculate the greatest common factor of 8 and 256.
8
What is the greatest common factor of 9 and 387?
9
Calculate the greatest common divisor of 40 and 20.
20
What is the highest common divisor of 1 and 10317?
1
Calculate the highest common factor of 396 and 252.
36
Calculate the greatest common factor of 126 and 162.
18
What is the highest common factor of 88 and 8?
8
What is the greatest common divisor of 151 and 4?
1
Calculate the highest common divisor of 741 and 38.
19
Calculate the greatest common divisor of 249 and 166.
83
Calculate the greatest common factor of 6 and 33.
3
Calcula